culate the highest common factor of 57352583 and 1032.
43
Calculate the highest common divisor of 778 and 210898.
2
What is the highest common divisor of 1561658 and 1008?
14
What is the greatest common factor of 12 and 863275716?
12
Calculate the greatest common factor of 8432 and 45911.
31
Calculate the greatest common divisor of 778 and 57074.
2
Calculate the highest common factor of 21 and 117905424.
21
What is the highest common factor of 43196530 and 1794?
598
Calculate the highest common divisor of 1731927715 and 14.
7
What is the highest common factor of 5872 and 784640?
16
Calculate the highest common factor of 7045 and 209974816.
1409
Calculate the greatest common factor of 16460 and 2233040.
20
What is the highest common factor of 306644407 and 524?
131
What is the greatest common divisor of 76 and 4516471?
19
Calculate the greatest common factor of 51566760 and 1140.
1140
Calculate the greatest common factor of 5767 and 38631.
79
What is the highest common factor of 929972 and 278864?
116
What is the greatest common factor of 28 and 4482674?
14
What is the greatest common divisor of 196 and 1153778353?
49
Calculate the highest common factor of 55 and 14846645.
55
Calculate the highest common factor of 1210 and 94517214.
242
What is the greatest common factor of 160 and 1969069240?
40
Calculate the greatest common factor of 3 and 461334.
3
Calculate the highest common factor of 79402310 and 143.
13
Calculate the highest common divisor of 684974 and 10667252.
2866
Calculate the highest common factor of 53417 and 61763.
13
Calculate the greatest common divisor of 410 and 36817344.
82
What is the greatest common divisor of 1908 and 386028?
36
What is the highest common divisor of 89 and 110879?
1
What is the greatest common divisor of 3023 and 142344001?
3023
What is the highest common divisor of 6865941 and 48?
3
Calculate the greatest common divisor of 9545742 and 21414.
258
What is the highest common divisor of 442779302 and 322?
322
What is the greatest common factor of 13 and 8071622?
13
Calculate the highest common factor of 1101598 and 12664040.
8674
Calculate the highest common factor of 166842797 and 737.
737
What is the highest common factor of 455 and 216762?
91
Calculate the highest common factor of 50337 and 40207278.
2397
Calculate the greatest common divisor of 804344 and 23229.
29
Calculate the highest common factor of 76336 and 1613699.
367
Calculate the greatest common divisor of 159323628 and 111.
111
What is the greatest common factor of 14796 and 29628?
36
Calculate the highest common divisor of 42481494 and 9020.
902
Calculate the highest common factor of 277470670 and 1442.
206
What is the greatest common divisor of 4001732 and 13328?
3332
Calculate the greatest common factor of 47020 and 54880.
20
Calculate the highest common divisor of 292536 and 74664.
1224
Calculate the highest common factor of 1537 and 402317.
29
Calculate the greatest common divisor of 2321 and 10351.
11
Calculate the greatest common factor of 4 and 13750242.
2
What is the highest common factor of 14196460 and 620?
20
Calculate the greatest common divisor of 3356654 and 12502.
266
Calculate the highest common divisor of 1641 and 6970968.
1641
Calculate the highest common factor of 346704037 and 3308.
827
Calculate the greatest common factor of 12006 and 3881273.
667
What is the highest common divisor of 736 and 124361?
23
Calculate the highest common divisor of 37759 and 176229.
61
Calculate the highest common divisor of 3976 and 45254335.
497
What is the greatest common factor of 21 and 216806583?
21
What is the greatest common divisor of 36924 and 4692?
204
What is the highest common factor of 272829195 and 15?
15
Calculate the greatest common divisor of 23754800 and 2400.
400
Calculate the greatest common factor of 2930607880 and 1180.
1180
What is the highest common divisor of 14006363 and 4452?
371
What is the greatest common factor of 1 and 46863380?
1
What is the highest common factor of 364069794 and 66?
66
What is the highest common factor of 2625 and 765450?
525
Calculate the greatest common factor of 258 and 118638634.
86
Calculate the highest common divisor of 31278 and 475586.
802
Calculate the greatest common factor of 1616 and 11477842.
202
Calculate the greatest common divisor of 146545096 and 24.
8
What is the highest common divisor of 66809067 and 195?
39
Calculate the highest common factor of 546 and 133548636.
78
Calculate the greatest common divisor of 12768 and 6117468.
1596
What is the highest common factor of 44 and 2776828?
4
What is the greatest common divisor of 88 and 777271?
11
What is the greatest common divisor of 1896053 and 19220?
961
What is the highest common divisor of 52271 and 150467?
167
Calculate the highest common factor of 57035 and 34465.
305
What is the highest common factor of 110055 and 1238523?
33
What is the highest common factor of 61743 and 57046?
11
Calculate the highest common factor of 45061301 and 16169.
851
What is the greatest common divisor of 1164361 and 1309?
11
What is the highest common factor of 133024 and 15202149?
4157
What is the greatest common divisor of 10105 and 8576325?
235
Calculate the highest common divisor of 108121 and 173381.
13
What is the highest common divisor of 8642837 and 108941?
553
What is the highest common factor of 336738895 and 155?
155
What is the greatest common divisor of 1228274 and 3705?
19
What is the highest common divisor of 10 and 19587845?
5
Calculate the highest common factor of 350 and 2190860.
70
What is the highest common factor of 155 and 539015?
5
Calculate the highest common factor of 924 and 24348009.
21
Calculate the highest common factor of 1483380 and 1213236.
2412
What is the greatest common divisor of 180 and 5599305?
45
What is the highest common divisor of 24 and 70799748?
12
Calculate the greatest common factor of 28620 and 44146.
2
Calculate the highest common divisor of 47456418 and 714.
102
What is the highest common divisor of 10401 and 6?
3
Calculate the highest common divisor of 813 and 5841.
3
Calculate the greatest common factor of 67 and 353365303.
67
Calculate the greatest common divisor of 2517129 and 2809.
53
Calculate the highest common divisor of 731769950 and 50.
50
Calculate the highest common factor of 2623460 and 1764.
196
Calculate the highest common factor of 114954 and 36940218.
4998
Calculate the highest common factor of 924 and 10001436.
12
Calculate the highest common factor of 58692 and 124151.
67
Calculate the highest common divisor of 402811 and 487243.
1759
Calculate the highest common factor of 1006716 and 387.
129
What is the highest common divisor of 497798 and 636622?
518
What is the highest common factor of 216860 and 95060?
140
Calculate the greatest common factor of 33 and 15331107.
33
What is the highest common divisor of 16523112 and 15768?
1752
Calculate the greatest common divisor of 892 and 2419327.
223
What is the highest common factor of 4749862073 and 11?
11
Calculate the highest common divisor of 2054228 and 19580.
44
What is the greatest common factor of 8142 and 723902?
46
Calculate the greatest common factor of 238 and 182414743.
119
Calculate the highest common factor of 8533 and 556577.
161
Calculate the highest common divisor of 660 and 991820.
20
Calculate the highest common factor of 82357990 and 220.
110
What is the highest common factor of 25 and 4141535?
5
Calculate the greatest common divisor of 35400 and 1755132.
708
Calculate the greatest common divisor of 432564 and 242724.
1356
What is the greatest common divisor of 54047 and 88240?
1103
Calculate the greatest common divisor of 15424 and 280283.
241
What is the highest common factor of 37 and 162990439?
37
What is the highest common divisor of 68912 and 34894?
146
Calculate the highest common factor of 314 and 9459721.
157
Calculate the greatest common factor of 28608652 and 246.
82
Calculate the greatest common factor of 48 and 33056272.
16
Calculate the highest common divisor of 90 and 5818644.
18
Calculate the highest common divisor of 92848 and 5936.
112
Calculate the greatest common divisor of 413507 and 186025.
1063
Calculate the greatest common factor of 969 and 236454734.
323
Calculate the highest common di